ppose 2*g + 3*y + 1 = -o, -y + 2 = 5*g. Determine c(g).
8
Suppose -5*x - 3*i = i - 335, -5*x - i = -320. Let y(a) = -x + 30 + a - 2*a + a**2 + 28. What is y(4)?
7
Let q be (1/2 - 0)/((-17)/(-34)). Let f(m) = 12*m**2 + 5*m - 4. Determine f(q).
13
Let u(y) be the third derivative of y**6/120 + y**5/60 + y**4/12 - y**3 + 9*y**2 + 4*y + 40. What is u(0)?
-6
Let l(n) = -n**3 + 7*n**2 + 8*n + 84. Let d be (-134)/(-18) + 42/27. Give l(d).
-6
Let c be (10/6)/((-925)/(-4440)). Let m = -2 - 9. Let a = m + c. Let u(b) = -b**3 - b**2 + 4*b + 1. Calculate u(a).
7
Let p(g) = -11*g**3 - 5*g**2 + 11*g + 3. Let l(m) = -2*m**3 - 4*m**2 + 2*m - 1. Let v(r) = 5*l(r) - p(r). What is v(15)?
-23
Let u be 1160/(-104) + 11 - (-744)/104. Let q(l) = 2*l - 12. Calculate q(u).
2
Let h(t) = -t**2 + 5*t - 5. Suppose 0 = 10*c - 47 + 7. Suppose 19 = 5*r + q - 7, -3*r + c*q + 11 = 0. Calculate h(r).
-5
Suppose 3*l - 2*u - 5 = -u, 5*u = -2*l - 25. Suppose 2*z + 5*j = -10, 2*j = -3*z - l*j + 7. Suppose -z*x = o, -x + 2*x = 0. Let k(d) = -d - 5. Give k(o).
-5
Let b = -170 + 178. Let p be 3/b + ((-1275)/(-120) - 3). Let d(o) = o**3 - 8*o**2 - o - 8. Calculate d(p).
-16
Let k(p) = -p**3 - 7*p**2 - 7*p - 15. Let m be (-12)/15*-5*(-15)/10. Let j be m/2 - (0 + (12 - 9)). Calculate k(j).
-9
Let b(w) be the third derivative of -w**7/840 - 7*w**6/360 + w**5/20 + w**4/6 + 145*w**3/6 - 5*w**2. Let f(g) be the first derivative of b(g). What is f(-7)?
-38
Let w be 129/(-18) + 2 + (-40)/(-240). Let c(u) = 5*u**2 + 27*u + 12. Determine c(w).
2
Let l(o) = -4*o + 15. Suppose -117*s = 57*s - 48*s - 630. What is l(s)?
-5
Let t(r) = 4*r + 2. Suppose 2*d = 4*w + 46, 0*d - d = -3*w - 26. Suppose 0 = 30*g - d + 47. Determine t(g).
-2
Suppose 0 = 15*f - 16*f + 11. Suppose -5*w + 2 = -63. Let x = f - w. Let m(v) = -v**2 + v + 2. Calculate m(x).
-4
Suppose 3*b = -0*b. Let v(d) = -3 + 0 + b - d. Let l = 3174 + -3171. Calculate v(l).
-6
Let d(t) = 7*t - 33. Let q be d(5). Let k(j) = -q + 6 - 5 + 5*j + j**2. Determine k(-5).
-1
Let x(w) be the second derivative of 25*w**3/3 - 5*w**2 - 178*w - 35. Calculate x(3).
140
Let k(l) = 809272*l - 8 - 809277*l - 7 - l**2. Calculate k(-3).
-9
Let p(z) = 43*z**3 - z**2 - z + 1. Suppose -4*n - v = 0, -231*v + 234*v + 13 = n. Calculate p(n).
42
Suppose -315 = -8*i + 317. Suppose i*k + 10 = 81*k. Let u(j) = 6*j + 1 + j + j**3 - k*j**2 - 3*j - 2*j. Determine u(2).
-7
Let y(a) = 28*a + 4. Suppose -44*g = 109*g - 16*g + 274. Determine y(g).
-52
Let c(t) be the third derivative of t**4/3 + 35*t**3/2 - 2229*t**2 + 2*t - 1. Calculate c(-6).
57
Suppose 34*t = 66 + 2. Let h(z) = 3 + z - 587*z**t - 2 + 590*z**2 - 4. Give h(3).
27
Let y be 4*-2*(-3)/(-6). Let m be (-2)/1 + 3 + -3 + 4. Let v(z) = 5*z**m + 43 - 83 + z**3 + 4*z + 41. Calculate v(y).
1
Let a(q) = -7*q + 241. Let n be ((-2)/1)/((-15)/255). Calculate a(n).
3
Let w = 396 - 396. Suppose w = -4*s + 5*o - 4, -s + o + 4*o = -14. Let p(v) = -v**3 - 5*v**2 + 4*v + 4. What is p(s)?
16
Suppose -2*p + 442 = 450. Let i(x) be the second derivative of x**3/6 - 7*x**2/2 - x. What is i(p)?
-11
Let o(k) = -k**3 + 18*k**2 - 33*k + 21. Let l be 1205 - 1229 - (-40 + 0). Calculate o(l).
5
Let t(o) be the second derivative of -o**4/24 + o**3 + 43*o**2/2 - 6*o + 3. Let x(n) be the first derivative of t(n). Give x(0).
6
Suppose -5*t = 3*b - 4*b + 10, 0 = t + 3*b - 14. Let m(p) be the second derivative of -1/2*p**2 + 0 - 7/10*p**5 + 1/12*p**4 + 3*p - 1/6*p**3. Give m(t).
15
Let o = 99 - 92. Let u(l) = l**2 - 4*l - 28. What is u(o)?
-7
Let h(z) = z**2 + 13*z + 12. Suppose -8*k + 4 - 91 = 9. What is h(k)?
0
Let d(c) = -197*c - 1 + 378*c - 188*c. Let t(w) = w**3 + 6*w**2 + 5*w + 1. Let l be t(-5). Give d(l).
-8
Let s(k) be the first derivative of k**4/24 + 7*k**3/6 - 41*k**2/2 + 3. Let m(i) be the second derivative of s(i). Let z be -2 - 1*(-1 + 2). Calculate m(z).
4
Let y be ((-270)/(-4))/9*(-112)/(-5). Let x = y - 163. Let k(a) = 4*a + 7. Give k(x).
27
Let m(t) be the second derivative of -1/20*t**5 - 5 - 1/2*t**2 + 1/4*t**4 + t + 0*t**3. Calculate m(4).
-17
Let k(n) = -14*n**2 + 20*n + 49. Let q(u) = 5*u**2 - 7*u - 16. Let m(r) = 6*k(r) + 17*q(r). Let z be (-10)/45 + (-10)/(-45). What is m(z)?
22
Let b = 0 + -2. Let a(p) = -45*p**3 - p**2 + p + 1. Let l be a(-1). Let u(i) = -1 + 36*i**2 + l*i**2 - i - 86*i**2. Give u(b).
-23
Let n(i) = i**3 + 23*i**2 + 3*i + 71. Let k be n(-23). Suppose -k*d = t + 1, t - 2 = -d - 5. Let z(v) = -v**2 + 6. Determine z(t).
-19
Let v(i) be the first derivative of -1/2*i**2 - 2*i - 29. Calculate v(-3).
1
Let r be -4 - 880/(-48) - 14. Let w(c) be the first derivative of -28 - 8*c - 3*c**2 + r*c**3. Calculate w(8).
8
Let a(d) = -4*d - 6. Suppose 1175 = 9*g - 508. Let z = g - 191. Determine a(z).
10
Let o(p) be the first derivative of 2*p**3/3 + 21*p**2/2 + 9*p + 1450. Determine o(-10).
-1
Let a(r) = -5*r**2 - 7*r + 1. Let m = -15008 + 15005. Give a(m).
-23
Let y be 8 - (33/77 + 3/(-7) + 4). Let t(s) = -26*s + 9. Determine t(y).
-95
Let i be (-1 - 0) + (-2 - 7/(-1)). Let a be i/(4/(-3) - (-21)/9). Let t(b) = -b**2 - 2*b + 6. Give t(a).
-18
Let t(b) = 51490*b - 25752*b + 4*b**2 - 25747*b - 2 + b**3. Determine t(-7).
-86
Let a(g) = 1958 - 3961 + 10*g + 2095. Give a(-9).
2
Let m(l) = -l**3 - 6*l**2 + 3*l + 31. Let p(j) = -j**3 + 66*j**2 - 134*j + 378. Let a be p(64). What is m(a)?
13
Let h(q) = 5*q**2 + q - 3. Let b(y) = -y**3 - 29*y**2 - 8*y + 28. Let w(o) = -b(o) - 6*h(o). Give w(0).
-10
Let m(z) = z**2 + z - 4. Let o(v) = 3*v**2 - 2*v - 8. Let s be o(-2). Suppose -7*q + s*q = -3. Give m(q).
2
Suppose 0 = -5*s - 8*r + 10*r - 77, 0 = 2*s + 3*r + 46. Let o(w) = -4*w**2 - 69*w - 23. Calculate o(s).
-6
Let j be (-9 + 8)*((-34)/3)/(40/60). Let w(t) = -t**3 + 14*t**2 + 54*t - 51. Calculate w(j).
0
Let n(k) be the second derivative of 6*k**2 + 0 - 11*k + 1/12*k**4 + 3/2*k**3. Let h(l) = -2*l**2 + 18*l + 64. Let b be h(12). Calculate n(b).
4
Suppose -3*n + 5*l + 17 = 0, -3*n - 2*l + 14 = -4*l. Suppose 2*o + t = 1, 0*o - 4*t = -n*o + 8. Let f(c) = 4 + 9*c - 12 - c**2 - o. Give f(6).
9
Let h(p) = -p**2 + 3*p + 11. Let i = 4589 + -4593. Give h(i).
-17
Let u(j) be the first derivative of -5*j**2 - 8*j - 1350. Give u(0).
-8
Suppose 50*m = 46*m - 8. Let p be -9 - -8 - (0 - (-6)/m). Let z(c) = -5*c**p - 32*c + c**2 - 1 + 32*c. Calculate z(-1).
-5
Let f be (-2)/4*(-19 - -21)*5. Let g(z) = -z**2 - 7*z + 1. Let n(w) = w + 1. Let l = -30 - -34. Let m(j) = l*n(j) + g(j). Give m(f).
-5
Suppose g = 2*r - 8, -r - 3*g - 18 + 8 = 0. Let z(v) = -43*v + 79. What is z(r)?
-7
Let j(l) = 132*l + 791. Let s be j(-6). Let o(p) = 4*p**2 + 4*p + 5. Calculate o(s).
5
Let l(a) be the first derivative of -a**2 - 36*a - 5205. Calculate l(-4).
-28
Let z = -46 + 52. Let w be z/(-4)*(-5)/((-45)/(-12)). Let s(h) = 4*h**2 + 2*h**3 + 3*h**w - 5*h**2 + 2 - h**3. What is s(-2)?
2
Let g(c) = -2*c + 4. Suppose -5*a = -3*x - 2*x + 30, 0 = -2*a. Suppose x*j = -j - 6*j. Give g(j).
4
Let m(i) = -7*i**2 - 2601350 + 2601339 + 2*i**3 - i - 3*i**3. Calculate m(-8).
61
Let n(q) = -q**2. Let v = -62 - -67. Suppose -a = -4*c - 5*a - 16, -v*c - 11 = 2*a. Give n(c).
-1
Let h = 86 + -95. Let c(r) = 14*r - 4*r - 3*r - 13 - 6*r - 4*r. Determine c(h).
14
Let u(t) = 7*t**3 - 2*t**2 + 1. Suppose -6 = 2*b, -b - 3 = 24*c - 27*c. Suppose y - 2*i = 5, c = 6*y - y - 2*i - 9. What is u(y)?
6
Let w be (12/(-14))/(24/(-112)). Suppose -2 = 2*h - w*a, -4 = 3*a + 5. Let z(r) = 3*r - 7*r**2 + 3*r + 8 - r**3 - 5*r. Give z(h).
1
Let s(w) = -9*w + 9 - 3*w + 3*w + w**2 + 17*w + 2*w. Let f = -2 - -6. Let l = f + -10. Determine s(l).
-15
Let i(c) = 3 + 2*c - 2*c**2 + 5 - 5 + 2*c. Suppose -54*z + 492 = -48*z. Suppose z = -7*b + 68. What is i(b)?
-13
Let s(y) = 23*y**2 - 2*y - 4. Let w be s(-2). Let r = -105 + w. Let f(h) = -h**3 - 15*h**2 - 24*h + 19. Give f(r).
-7
Suppose -5*u = -12 - 3, 3*u = s + 7. Let p(k) = -7*k + 7. What is p(s)?
-7
Let q = 1483 + -1487. Let a(o) = -2 + 1 - o - 2. Let w(j) = -1. Let l(v) = q*w(v) + a(v). Give l(5).
-4
Let w(k) = 17*k**2 + 2*k + 1. Let p(l) = l**2 + 16*l + 30. Let d be p(0). Suppose -7 - 23 = d*a. Calculate w(a).
16
Let m(b) = 2*b - 3. Suppose t + 80 = -5*y + 8, -2*y = 5*t + 429. Let l = 89 + t. What is m(l)?
1
Let f(n) = -n**3 - 5*n**2 + 33*n + 151. Let u be f